19. What are the prime factors of z?
19
Let o = 1854 + -725. What are the prime factors of o?
1129
Let w = -133 - -28. Let j = w + 241. List the prime factors of j.
2, 17
Let o(m) = 21*m**3 + 2*m**2 - 1. Let f be 9/(-12) - (-38)/8. Let r be (8/f)/(4 - 2). List the prime factors of o(r).
2, 11
Suppose -g + 3*a - 15 = 0, -5*a = 5*g - 4*a - 5. Suppose 4*m - 3 - 13 = g. Suppose -h - 1 + m = 0. What are the prime factors of h?
3
Let i(j) = 71*j - 199. What are the prime factors of i(3)?
2, 7
Suppose -617 - 1338 = -5*d. List the prime factors of d.
17, 23
Suppose -5*m = -4*h + 9791, -321*h + 326*h = -3*m + 12211. What are the prime factors of h?
2, 13, 47
Let o be (-1 - -112)*((-14)/(-3) - 5). Let y = 202 - o. List the prime factors of y.
239
Let j(m) = -2*m + 72. List the prime factors of j(13).
2, 23
Let q = 26 + -21. Let x be (-184)/(1 - q) - 1. Let n = -10 + x. What are the prime factors of n?
5, 7
Let x = -876 + 1108. List the prime factors of x.
2, 29
Let t = 1934 - 1870. List the prime factors of t.
2
Let x(s) = -s**2 + 8*s - 2. Let j be x(7). Suppose -3*p = -j*p + 8. Suppose -p*k + 0*h + 136 = -4*h, -2*k - h = -74. List the prime factors of k.
2, 3
Suppose -10*t - 625 = -3*w - 12*t, 0 = 4*w + 5*t - 838. Suppose -w = 2*m - 5*m. List the prime factors of m.
3, 23
Suppose 150*v + 2104 = 152*v. What are the prime factors of v?
2, 263
Suppose -4*d + 682 = -1662. What are the prime factors of d?
2, 293
Suppose -6 = -2*x + v, x - 4*v + 0 = 3. Let o(d) = d**3 - 5*d**2 + 6*d + 3. Let i be o(x). Let h(y) = 2*y - 1. List the prime factors of h(i).
5
Let d = 7 - 2. Let w be d/(-15) + (-1263)/(-9). Suppose 0 = -4*i + 4*c + w, c = -0 - 5. What are the prime factors of i?
2, 3, 5
What are the prime factors of 6038/8 + (11 - (-658)/(-56))?
2, 13, 29
Let u be 45 + 5*2/5. Suppose -u = -6*g + 55. List the prime factors of g.
17
Let v = -16 - -13. Let h = -4 - v. List the prime factors of -3 + 3 + h - -30.
29
Suppose 23 - 14 = 3*p. Suppose -5*q + 9 = -2*q. Let k = q + p. List the prime factors of k.
2, 3
Let o = 5352 + -1909. What are the prime factors of o?
11, 313
Suppose 0 = -20*y + 15*y + 20. Suppose -6*p = 5*m - y*p - 204, -4 = -2*p. What are the prime factors of m?
2, 5
Let u be -13 - -15 - (-154 - -1). Suppose 4*v + 35 = u. Let m = 53 - v. List the prime factors of m.
23
Let m(q) = q**3 - 13*q**2 + 16*q - 1. Let b(k) = 12 - 2*k + k**3 - 3*k**2 + 3*k**2. Let c be b(0). List the prime factors of m(c).
47
Let q(x) = 6*x - 18. Let h be q(6). Suppose -h*o + 45 = -15*o. List the prime factors of 20/(-4)*(-108)/o.
2, 3
List the prime factors of (-2)/4*-152 - -4.
2, 5
Let o(t) = -2*t + 5. Let m be o(-5). Let v = 334 - 317. Suppose -4*i + 3*n + v = 0, 8*n - 3*n = -m. List the prime factors of i.
2
Let u(a) = a**2 - 14*a - 190. What are the prime factors of u(25)?
5, 17
Suppose 4*h - 24 + 4 = 0. Suppose -m = -h, -4 - 8 = 2*a - 2*m. Let i(x) = -34*x**3 - 2*x**2 + x + 2. List the prime factors of i(a).
3, 11
Let l(x) = 3*x**2 + x - 14. Let p be 2*((-1)/(-5))/(4/50). What are the prime factors of l(p)?
2, 3, 11
Let k(u) be the first derivative of 11*u**2/2 + 18*u + 40. List the prime factors of k(5).
73
Let y(o) be the first derivative of -15*o**2 + 34*o - 14. What are the prime factors of y(-5)?
2, 23
Let p = -1215 - -2115. List the prime factors of p.
2, 3, 5
Let x(k) = -k - 5. Let q be x(-5). What are the prime factors of 1 - 4 - (-6 - q)?
3
Let t = 622 - 62. What are the prime factors of t?
2, 5, 7
Suppose 13*j - 17*j + 416 = 0. Suppose 10*d - j = 6*d. Suppose -d = -6*t + 4*t. List the prime factors of t.
13
Suppose 0 = 7*t - 6*t + 7. Let s(i) = -i**3 - 8*i**2 - 17*i - 10. What are the prime factors of s(t)?
2, 3, 5
Let n(o) = -o**3 + 19*o**2 - 68*o - 44. What are the prime factors of n(11)?
2, 11
Let t = 2277 + 365. List the prime factors of t.
2, 1321
Let j = -73 - -80. Let r(q) = 18*q - 15. What are the prime factors of r(j)?
3, 37
What are the prime factors of -1604*(7/(-42) - 222/72)?
13, 401
Suppose -3*k = -5*k + 534. What are the prime factors of k?
3, 89
Let b(i) = 333*i - 88. List the prime factors of b(9).
2909
Suppose -5*i + 1123 = 3*u, -3*u - i + 373 = -2*u. Let y = u + -61. What are the prime factors of y?
2, 5, 31
Let j = 12 - -938. What are the prime factors of j?
2, 5, 19
Suppose -4*o = -4*l - 396, -o - 4*o = 4*l - 450. Suppose 0 = -2*k + 5*h + o, -5*h - 233 = -5*k + 2. Let j = k + -31. What are the prime factors of j?
2
Suppose 44 = -3*j + 5*g, 52 = -4*j + g + 4*g. Let n = 88 + j. What are the prime factors of n?
2, 5
Let b = 91 + -97. Let d(c) = 17*c - 1. Let f be d(2). What are the prime factors of (-11)/f - 140/b?
23
Suppose 1076 = -0*z + 4*z. Suppose -3*o - 5*c + 328 = 0, 2*o = 2*c + z - 61. Let k = o + -58. What are the prime factors of k?
2, 3
Suppose 1470 = 17*y + 416. List the prime factors of y.
2, 31
Let d(t) = t**2 - 5*t - 1. Let v = -1 + 5. Let m = v - -2. List the prime factors of d(m).
5
What are the prime factors of (-208060)/309*24/(-10)?
2, 101
Let i(b) = b**3 + b**2 + 210. What are the prime factors of i(0)?
2, 3, 5, 7
Suppose 0 = -3*z - z, -4*z = 3*m - 375. What are the prime factors of m?
5
Suppose -923 + 208 = -2*x - s, 718 = 2*x + 2*s. Let h = -175 + x. List the prime factors of h.
181
Let j = -127 + 130. What are the prime factors of j?
3
Let g(l) be the third derivative of -l**5/60 - 5*l**4/6 - 5*l**3/2 - 16*l**2. List the prime factors of g(-8).
3
Suppose -5*j + 709 = 4*o, -2*o - o + 4*j = -524. List the prime factors of (54/(-8))/((-33)/o).
2, 3
Let d(y) = -y**3 + 9*y**2 - 6*y - 7. Let j be (1 + -4)/3*-5. Suppose -a - 4*v = -4, j*a - v - 22 - 19 = 0. What are the prime factors of d(a)?
3
Let r = -3175 + 4968. What are the prime factors of r?
11, 163
List the prime factors of (-483)/(-12) + 6/8.
41
Suppose 7*a = 5*a - 20. Let k be (a/25)/((-2)/15). Suppose -k*c = -2*r - 242, -4*c = 4*r - 0 - 296. What are the prime factors of c?
2, 3, 13
Let f be 8*(117/(-12))/(-3). Let z be f/10 + 8/20. Suppose 2*j - 39 = -k, -15 - 14 = -2*j - z*k. What are the prime factors of j?
2, 11
Let w(o) = -o**3 + 9*o**2 + 21*o + 24. Let m(b) = 5*b - 30. Let h be m(8). What are the prime factors of w(h)?
2, 67
Let a(y) = -14*y**3 - 2*y**2 - y + 3. Let f be a(2). Let z = f - -264. List the prime factors of z.
5, 29
Suppose 2*k = -2*x + 18, 11*k - 6 = 8*k + 4*x. Let d = 1 + 1. Suppose -u - 3*b + 17 = 0, d*b - 38 = -3*u + k. What are the prime factors of u?
2, 7
Let c = 19 - 9. Suppose -2002 = -c*u - 232. List the prime factors of u.
3, 59
Suppose 13*s - 11 = -37. Suppose 5*c + 17 = 4*r, c + 5*r - 14 = -0. List the prime factors of 26 + (s - (1 + c)).
2, 3
Let j(p) = 2*p + 5. Suppose 0 = -5*t + 61 - 1. Suppose -3*h - m + t = 0, 4*m = h - m - 4. What are the prime factors of j(h)?
13
Let o(x) = 17*x**2 - 9*x - 12. What are the prime factors of o(-3)?
2, 3, 7
Suppose -5*l + 15 = 0, -2*l + 5*l + 13 = u. Suppose 12 - 48 = -6*v. Suppose u = v*d - 4*d. List the prime factors of d.
11
Suppose 0 = 2*a - z - 12, -a + z + 2*z = -11. List the prime factors of ((-102)/(-8)*a)/((-9)/(-24)).
2, 5, 17
Let q = 633 + 30. What are the prime factors of q?
3, 13, 17
Let a(w) = w**3 - 10*w**2 - 12*w + 14. Let m be a(11). Suppose -2*b + 23 = 4*x + m, -13 = -b - 3*x. Suppose -39 = -b*z - 3. What are the prime factors of z?
3
Let g be (-70)/3 - (-4)/(-6). Let a = 477 - 515. Let d = g - a. What are the prime factors of d?
2, 7
Let k be (3 + -1)/(3 - 5). Let t be 31*(4 + k + 3). What are the prime factors of (t/(-9))/(2/(-3))?
31
Let n = 1004 - 599. What are the prime factors of n?
3, 5
Let w be (28/12 + 0)/(2/(-90)). Let q = 192 + w. What are the prime factors of q?
3, 29
Let o(k) = k**2 + 6*k. Suppose -8 + 32 = -2*w - 2*i, -i = -w - 12. What are the prime factors of o(w)?
2, 3
Let m = -34 - -30. Let s(r) = 2*r**2 - 4*r + 7. What are the prime factors of s(m)?
5, 11
Let y(a) = 11*a + 28. Let p = 6 - -1. What are the prime factors of y(p)?
3, 5, 7
Suppose -52 + 2 = -5*q + 5*l, 0 = 3*q - l - 20. Suppose 0 = 2*m + q*m. Suppose m*a - 39 = -a. List the prime factors of a.
3, 13
Let x = -15 - -17. Suppose 14 = 4*l - 0*l - x*f, -l = -4*f. Suppose 0 = -y + 3*y + 5*o - 74, -5*y = -l*o - 185. List the prime factors of y.
37
Let j(a) = 2*a**2 + 21*a + 276. List the prime factors 